{"id":616,"date":"2025-01-28T13:26:56","date_gmt":"2025-01-28T16:26:56","guid":{"rendered":"https:\/\/caicaradoriodovento.rn.leg.br\/transparente\/?page_id=616"},"modified":"2025-06-12T09:07:00","modified_gmt":"2025-06-12T12:07:00","slug":"governo-digital","status":"publish","type":"page","link":"https:\/\/caicaradoriodovento.rn.leg.br\/transparente\/governo-digital\/","title":{"rendered":"Governo Digital"},"content":{"rendered":"\t\t<div data-elementor-type=\"wp-page\" data-elementor-id=\"616\" class=\"elementor elementor-616\" data-elementor-post-type=\"page\">\n\t\t\t\t<div class=\"elementor-element elementor-element-1dc15a1e e-transform e-flex e-con-boxed e-con e-parent\" data-id=\"1dc15a1e\" data-element_type=\"container\" data-settings=\"{&quot;background_background&quot;:&quot;classic&quot;,&quot;_transform_translateY_effect&quot;:{&quot;unit&quot;:&quot;px&quot;,&quot;size&quot;:-80,&quot;sizes&quot;:[]},&quot;_transform_translateX_effect&quot;:{&quot;unit&quot;:&quot;px&quot;,&quot;size&quot;:&quot;&quot;,&quot;sizes&quot;:[]},&quot;_transform_translateX_effect_tablet&quot;:{&quot;unit&quot;:&quot;px&quot;,&quot;size&quot;:&quot;&quot;,&quot;sizes&quot;:[]},&quot;_transform_translateX_effect_mobile&quot;:{&quot;unit&quot;:&quot;px&quot;,&quot;size&quot;:&quot;&quot;,&quot;sizes&quot;:[]},&quot;_transform_translateY_effect_tablet&quot;:{&quot;unit&quot;:&quot;px&quot;,&quot;size&quot;:&quot;&quot;,&quot;sizes&quot;:[]},&quot;_transform_translateY_effect_mobile&quot;:{&quot;unit&quot;:&quot;px&quot;,&quot;size&quot;:&quot;&quot;,&quot;sizes&quot;:[]}}\">\n\t\t\t\t\t<div class=\"e-con-inner\">\n\t\t\t\t<div class=\"elementor-element elementor-element-4937b48 elementor-widget elementor-widget-html\" data-id=\"4937b48\" data-element_type=\"widget\" data-widget_type=\"html.default\">\n\t\t\t\t<div class=\"elementor-widget-container\">\n\t\t\t\t\t<div align=\"right\">|\u00a0<strong><a href=\"\/feed\" target=\"_blank\" rel=\"noopener\">XML\u2193<\/a><\/strong>\u00a0| <a href=\"https:\/\/lajes.rn.gov.br\/transparente\/index\/wp-content\/uploads\/2025\/04\/export.csv\" target=\"_blank\" rel=\"noopener\">\u00a0<strong>CSV\u2193<\/strong><\/a>\u00a0| <a href=\"?print=pdf\" target=\"_blank\" rel=\"noopener\"><strong>PDF<\/strong>\u2193<\/a>\u00a0\u00a0| <a href=\"?print=print\" target=\"_blank\" rel=\"noopener\"><strong>IMPRIMIR<\/strong>\u2193<\/a>\u00a0\u00a0|<\/div>\r\n&nbsp;\t\t\t\t<\/div>\n\t\t\t\t<\/div>\n\t\t\t\t<div class=\"elementor-element elementor-element-293e9c1 elementor-widget elementor-widget-text-editor\" data-id=\"293e9c1\" data-element_type=\"widget\" data-widget_type=\"text-editor.default\">\n\t\t\t\t<div class=\"elementor-widget-container\">\n\t\t\t\t\t\t\t\t\t<p style=\"font-weight: 400;\"><span data-contrast=\"auto\"><a style=\"font-weight: 500;\" href=\"http:\/\/www.planalto.gov.br\/ccivil_03\/_ato2019-2022\/2021\/lei\/L14129.htm\" data-tippreview-enabled=\"false\" data-tippreview-image=\"\" data-tippreview-title=\"\">Lei federal n\u00ba 14.129, de 29 de mar\u00e7o de 2021<\/a>\u00a0&#8211; disp\u00f5e sobre princ\u00edpios, regras e instrumentos para o Governo Digital e para o aumento da efici\u00eancia p\u00fablica e altera a Lei n\u00ba 7.116, de 29 de agosto de 1983, a Lei n\u00ba 12.527, de 18 de novembro de 2011 (Lei de Acesso \u00e0 Informa\u00e7\u00e3o), a Lei n\u00ba 12.682, de 9 de julho de 2012, e a Lei n\u00ba 13.460, de 26 de junho de 2017.<\/span><\/p><p style=\"font-weight: 400;\"><span data-contrast=\"auto\">A\u00a0<strong style=\"font-weight: 600;\">Lei de Governo Digital<\/strong>, entrou em\u00a0vigor em agosto de 2021,\u00a0entre seus\u00a0princ\u00edpios e diretrizes est\u00e3o:<\/span><\/p><ul style=\"font-weight: 400;\"><li style=\"font-weight: 400;\"><span data-contrast=\"auto\">a desburocratiza\u00e7\u00e3o, a moderniza\u00e7\u00e3o, o fortalecimento e a simplifica\u00e7\u00e3o da rela\u00e7\u00e3o do poder p\u00fablico com a sociedade, mediante servi\u00e7os digitais, acess\u00edveis;<\/span><\/li><li style=\"font-weight: 400;\"><span data-contrast=\"auto\">a disponibiliza\u00e7\u00e3o em plataforma \u00fanica do acesso \u00e0s informa\u00e7\u00f5es e aos servi\u00e7os p\u00fablicos;<\/span><\/li><li style=\"font-weight: 400;\"><span data-contrast=\"auto\">a interoperabilidade de sistemas e a promo\u00e7\u00e3o de dados abertos;<\/span><\/li><li style=\"font-weight: 400;\"><span data-contrast=\"auto\">o incentivo \u00e0 participa\u00e7\u00e3o social no controle da administra\u00e7\u00e3o;<\/span><\/li><li style=\"font-weight: 400;\"><span data-contrast=\"auto\">a elimina\u00e7\u00e3o de exig\u00eancias e formalidades;<\/span><\/li><li style=\"font-weight: 400;\"><span data-contrast=\"auto\">o apoio t\u00e9cnico aos entes federados para implanta\u00e7\u00e3o e ado\u00e7\u00e3o de estrat\u00e9gias que visem \u00e0 transforma\u00e7\u00e3o digital da administra\u00e7\u00e3o p\u00fablica;\u00a0\u00a0<\/span><span data-ccp-props=\"{&quot;201341983&quot;:0,&quot;335559739&quot;:0,&quot;335559740&quot;:240}\">\u00a0<\/span><\/li><\/ul><p style=\"font-weight: 400;\"><span data-contrast=\"auto\">Tamb\u00e9m define direitos dos usu\u00e1rios da presta\u00e7\u00e3o digital de servi\u00e7os p\u00fablicos e cita os instrumentos necess\u00e1rios para as plataformas de governo digital de uso de cada ente federativo.\u00a0<\/span><span data-ccp-props=\"{&quot;201341983&quot;:0,&quot;335559739&quot;:0,&quot;335559740&quot;:240}\">\u00a0<\/span><\/p><p style=\"font-weight: 400;\"><span data-ccp-props=\"{&quot;201341983&quot;:0,&quot;335559739&quot;:0,&quot;335559740&quot;:240}\">\u00a0<\/span><span data-contrast=\"auto\">A Lei de Governo Digital\u00a0determina que a administra\u00e7\u00e3o p\u00fablica participar\u00e1, de maneira integrada e cooperativa, da consolida\u00e7\u00e3o da Estrat\u00e9gia Nacional de Governo Digital, editada pelo Poder Executivo federal, que observar\u00e1 os princ\u00edpios e as diretrizes desta Lei.<\/span><\/p><ul><li><a href=\"https:\/\/caicaradoriodovento.rn.leg.br\/transparente\/wp-content\/uploads\/2025\/06\/RESOLUCAO-005-2025-Regulamenta-a-Lei-Federal-14129-2021.pdf\" target=\"_blank\" rel=\"noopener\">REGULAMENTA\u00c7\u00c3O MUNICIPAL &#8211; RESOLU\u00c7\u00c3O N\u00ba 005\/2025 <\/a><a href=\"https:\/\/caicaradoriodovento.rn.leg.br\/transparente\/wp-content\/uploads\/2025\/06\/RESOLUCAO-005-2025-Regulamenta-a-Lei-Federal-14129-2021.pdf\" target=\"_blank\" rel=\"noopener\">Regulamenta a Lei Federal N\u00ba 14.129, de 29 de mar\u00e7o de 2021, no \u00e2mbito da C\u00e2mara Municipal de Cai\u00e7ara do Rio do Vento\/RN, institui o Programa Governo Digital do Legislativo \u2013 PGDL e d\u00e1 outras provid\u00eancias.<\/a><\/li><li><a href=\"https:\/\/caicaradoriodovento.rn.leg.br\/transparente\/wp-content\/uploads\/2025\/06\/L14129.pdf\">Lei federal n\u00ba 14.129\/2021 \u2013 GOVERNO DIGITAL<\/a><\/li><\/ul>\t\t\t\t\t\t\t\t<\/div>\n\t\t\t\t<\/div>\n\t\t\t\t<div class=\"elementor-element elementor-element-c56f110 elementor-widget elementor-widget-spacer\" data-id=\"c56f110\" data-element_type=\"widget\" data-widget_type=\"spacer.default\">\n\t\t\t\t<div class=\"elementor-widget-container\">\n\t\t\t\t\t\t\t<div class=\"elementor-spacer\">\n\t\t\t<div class=\"elementor-spacer-inner\"><\/div>\n\t\t<\/div>\n\t\t\t\t\t\t<\/div>\n\t\t\t\t<\/div>\n\t\t\t\t\t<\/div>\n\t\t\t\t<\/div>\n\t\t<div class=\"elementor-element elementor-element-534a284f e-transform e-flex e-con-boxed e-con e-parent\" data-id=\"534a284f\" data-element_type=\"container\" data-settings=\"{&quot;background_background&quot;:&quot;classic&quot;,&quot;_transform_translateY_effect&quot;:{&quot;unit&quot;:&quot;px&quot;,&quot;size&quot;:-81,&quot;sizes&quot;:[]},&quot;_transform_translateX_effect&quot;:{&quot;unit&quot;:&quot;px&quot;,&quot;size&quot;:&quot;&quot;,&quot;sizes&quot;:[]},&quot;_transform_translateX_effect_tablet&quot;:{&quot;unit&quot;:&quot;px&quot;,&quot;size&quot;:&quot;&quot;,&quot;sizes&quot;:[]},&quot;_transform_translateX_effect_mobile&quot;:{&quot;unit&quot;:&quot;px&quot;,&quot;size&quot;:&quot;&quot;,&quot;sizes&quot;:[]},&quot;_transform_translateY_effect_tablet&quot;:{&quot;unit&quot;:&quot;px&quot;,&quot;size&quot;:&quot;&quot;,&quot;sizes&quot;:[]},&quot;_transform_translateY_effect_mobile&quot;:{&quot;unit&quot;:&quot;px&quot;,&quot;size&quot;:&quot;&quot;,&quot;sizes&quot;:[]}}\">\n\t\t\t\t\t<div class=\"e-con-inner\">\n\t\t\t\t<div class=\"elementor-element elementor-element-31848999 elementor-widget elementor-widget-spacer\" data-id=\"31848999\" data-element_type=\"widget\" data-widget_type=\"spacer.default\">\n\t\t\t\t<div class=\"elementor-widget-container\">\n\t\t\t\t\t\t\t<div class=\"elementor-spacer\">\n\t\t\t<div class=\"elementor-spacer-inner\"><\/div>\n\t\t<\/div>\n\t\t\t\t\t\t<\/div>\n\t\t\t\t<\/div>\n\t\t\t\t\t<\/div>\n\t\t\t\t<\/div>\n\t\t<div class=\"elementor-element elementor-element-b765ce4 e-flex e-con-boxed e-con e-parent\" data-id=\"b765ce4\" data-element_type=\"container\">\n\t\t\t\t\t<div class=\"e-con-inner\">\n\t\t\t\t\t<\/div>\n\t\t\t\t<\/div>\n\t\t\t\t<\/div>\n\t\t","protected":false},"excerpt":{"rendered":"<p>|\u00a0XML\u2193\u00a0| \u00a0CSV\u2193\u00a0| PDF\u2193\u00a0\u00a0| IMPRIMIR\u2193\u00a0\u00a0| &nbsp; Lei federal n\u00ba 14.129, de 29 de mar\u00e7o de 2021\u00a0&#8211; disp\u00f5e sobre princ\u00edpios, regras e instrumentos para o Governo Digital e para o aumento da efici\u00eancia p\u00fablica e altera a Lei n\u00ba 7.116, de 29 de agosto de 1983, a Lei n\u00ba 12.527, de 18 de novembro de 2011 (Lei [&hellip;]<\/p>\n","protected":false},"author":1,"featured_media":0,"parent":0,"menu_order":0,"comment_status":"closed","ping_status":"closed","template":"","meta":{"ocean_post_layout":"full-width","ocean_both_sidebars_style":"","ocean_both_sidebars_content_width":0,"ocean_both_sidebars_sidebars_width":0,"ocean_sidebar":"0","ocean_second_sidebar":"0","ocean_disable_margins":"enable","ocean_add_body_class":"","ocean_shortcode_before_top_bar":"","ocean_shortcode_after_top_bar":"","ocean_shortcode_before_header":"","ocean_shortcode_after_header":"","ocean_has_shortcode":"","ocean_shortcode_after_title":"","ocean_shortcode_before_footer_widgets":"","ocean_shortcode_after_footer_widgets":"","ocean_shortcode_before_footer_bottom":"","ocean_shortcode_after_footer_bottom":"","ocean_display_top_bar":"default","ocean_display_header":"default","ocean_header_style":"","ocean_center_header_left_menu":"0","ocean_custom_header_template":"0","ocean_custom_logo":0,"ocean_custom_retina_logo":0,"ocean_custom_logo_max_width":0,"ocean_custom_logo_tablet_max_width":0,"ocean_custom_logo_mobile_max_width":0,"ocean_custom_logo_max_height":0,"ocean_custom_logo_tablet_max_height":0,"ocean_custom_logo_mobile_max_height":0,"ocean_header_custom_menu":"0","ocean_menu_typo_font_family":"0","ocean_menu_typo_font_subset":"","ocean_menu_typo_font_size":0,"ocean_menu_typo_font_size_tablet":0,"ocean_menu_typo_font_size_mobile":0,"ocean_menu_typo_font_size_unit":"px","ocean_menu_typo_font_weight":"","ocean_menu_typo_font_weight_tablet":"","ocean_menu_typo_font_weight_mobile":"","ocean_menu_typo_transform":"","ocean_menu_typo_transform_tablet":"","ocean_menu_typo_transform_mobile":"","ocean_menu_typo_line_height":0,"ocean_menu_typo_line_height_tablet":0,"ocean_menu_typo_line_height_mobile":0,"ocean_menu_typo_line_height_unit":"","ocean_menu_typo_spacing":0,"ocean_menu_typo_spacing_tablet":0,"ocean_menu_typo_spacing_mobile":0,"ocean_menu_typo_spacing_unit":"","ocean_menu_link_color":"","ocean_menu_link_color_hover":"","ocean_menu_link_color_active":"","ocean_menu_link_background":"","ocean_menu_link_hover_background":"","ocean_menu_link_active_background":"","ocean_menu_social_links_bg":"","ocean_menu_social_hover_links_bg":"","ocean_menu_social_links_color":"","ocean_menu_social_hover_links_color":"","ocean_disable_title":"default","ocean_disable_heading":"default","ocean_post_title":"","ocean_post_subheading":"","ocean_post_title_style":"","ocean_post_title_background_color":"","ocean_post_title_background":0,"ocean_post_title_bg_image_position":"","ocean_post_title_bg_image_attachment":"","ocean_post_title_bg_image_repeat":"","ocean_post_title_bg_image_size":"","ocean_post_title_height":0,"ocean_post_title_bg_overlay":0.5,"ocean_post_title_bg_overlay_color":"","ocean_disable_breadcrumbs":"default","ocean_breadcrumbs_color":"","ocean_breadcrumbs_separator_color":"","ocean_breadcrumbs_links_color":"","ocean_breadcrumbs_links_hover_color":"","ocean_display_footer_widgets":"default","ocean_display_footer_bottom":"default","ocean_custom_footer_template":"0","_joinchat":[],"footnotes":""},"class_list":["post-616","page","type-page","status-publish","hentry","entry"],"_links":{"self":[{"href":"https:\/\/caicaradoriodovento.rn.leg.br\/transparente\/wp-json\/wp\/v2\/pages\/616","targetHints":{"allow":["GET"]}}],"collection":[{"href":"https:\/\/caicaradoriodovento.rn.leg.br\/transparente\/wp-json\/wp\/v2\/pages"}],"about":[{"href":"https:\/\/caicaradoriodovento.rn.leg.br\/transparente\/wp-json\/wp\/v2\/types\/page"}],"author":[{"embeddable":true,"href":"https:\/\/caicaradoriodovento.rn.leg.br\/transparente\/wp-json\/wp\/v2\/users\/1"}],"replies":[{"embeddable":true,"href":"https:\/\/caicaradoriodovento.rn.leg.br\/transparente\/wp-json\/wp\/v2\/comments?post=616"}],"version-history":[{"count":19,"href":"https:\/\/caicaradoriodovento.rn.leg.br\/transparente\/wp-json\/wp\/v2\/pages\/616\/revisions"}],"predecessor-version":[{"id":5700,"href":"https:\/\/caicaradoriodovento.rn.leg.br\/transparente\/wp-json\/wp\/v2\/pages\/616\/revisions\/5700"}],"wp:attachment":[{"href":"https:\/\/caicaradoriodovento.rn.leg.br\/transparente\/wp-json\/wp\/v2\/media?parent=616"}],"curies":[{"name":"wp","href":"https:\/\/api.w.org\/{rel}","templated":true}]}}